h = q - 8. Calculate the remainder when (7/(-14))/(3/(-18)) is divided by h.
0
Let x = 1378 + -917. What is the remainder when x is divided by 15?
11
What is the remainder when 250 is divided by 5/(35/301) + -2?
4
Let l(r) = 14*r - 15. Let a = 37 + -32. Calculate the remainder when l(a) is divided by 29.
26
Suppose 41*i = -35*i + 608. What is the remainder when i is divided by 5?
3
Let q = 426 - 373. What is the remainder when q is divided by 30?
23
Let v(i) = i - 14. Let n be v(8). Calculate the remainder when 2/(-4) + (-3)/n + 26 is divided by 4.
2
Suppose -5*f = -162 + 12. What is the remainder when 109 is divided by f?
19
Suppose y + y + 2*f = 12, 2 = 3*y - 5*f. Calculate the remainder when 195 is divided by y.
3
Let r(k) = -k**3 + 24*k**2 + 51*k + 29. What is the remainder when 0 - (-1 - (15 + 2)) is divided by r(26)?
0
Let g = -56 - -60. What is the remainder when 7 is divided by (-4*g/28)/((-2)/7)?
1
Suppose 2*n - 4*i = 3*n - 98, -2*n - 4*i + 184 = 0. Calculate the remainder when n is divided by 34.
18
Let l(g) = -5*g + 4*g + 14*g**2 + 5 - g**3 + 4 + 2*g**3. Let q be l(-14). Let v = 35 - q. Calculate the remainder when 47 is divided by v.
11
Let s = 863 + -825. Calculate the remainder when s is divided by 10.
8
What is the remainder when (9 + 1)/(-2) + -301 + 364 is divided by 41?
17
What is the remainder when 47885/366 + (-5)/6 is divided by 32?
2
Suppose 3*b = -12, -5*z + 5*b + 152 = 2*b. What is the remainder when 161 is divided by z?
21
Suppose z - 319 = -5*m, -2*z = -8 - 0. Suppose 75 = 6*s - 27. What is the remainder when m is divided by s?
12
Let j(p) = -p**3 + 21*p**2 + 47*p + 40. What is the remainder when 181 is divided by j(23)?
55
Let k = -10 - -10. Suppose k*v = 3*v - 78. Let d(a) = 5*a**2 + 5*a + 3. What is the remainder when d(-5) is divided by v?
25
Let o be (4/6)/((-2)/(-9)). Suppose -4*v - 2*l = -146, 2*l + l + 87 = o*v. Calculate the remainder when 588/9 - 1/3 is divided by v.
31
What is the remainder when (54/45)/((-1)/5) + 21 is divided by 4?
3
Suppose -3*t = -2*t - 49. Calculate the remainder when (-19)/((-3)/24 - (-15)/(-200)) is divided by t.
46
Suppose 5*f - 278 = 2*f + 4*w, 0 = 2*f - w - 182. Suppose -f = -a + n - 11, 2*n - 217 = -3*a. Let r = -35 + a. What is the remainder when r is divided by 7?
5
Let i = 35 + -15. Suppose 6*j = j + 15. Let w(u) = 2*u + 1. What is the remainder when i is divided by w(j)?
6
Let l(k) = k**3 - 7*k**2 + k + 2. Let t = 997 + -946. What is the remainder when t is divided by l(7)?
6
Let z(o) = -o**3 + 8*o**2 - 58*o + 145. What is the remainder when (-1 + 2)*(-1 - -95) is divided by z(3)?
14
Suppose r - 4*r + 178 = y, -3*y = -4*r + 259. What is the remainder when r is divided by 4?
1
Suppose 3*u = 4*d - 471, -d + 2*u + 208 = 89. What is the remainder when 461 is divided by d?
110
Suppose -34 - 176 = -10*l. Calculate the remainder when 143 is divided by l.
17
Suppose -5*k + 4*k = -6. Let u(h) = -h + 10 - 1 + 8. Calculate the remainder when u(6) is divided by k.
5
Suppose -j - 3*r = -267, -4*j - r = -0*j - 1123. Let t = j + -184. Suppose -2*v - 8 + 58 = 0. Calculate the remainder when t is divided by v.
23
Let s = 923 - 889. What is the remainder when s is divided by 8?
2
Suppose 4*g - 3*a = 553, 106 = g - a - 31. Calculate the remainder when g is divided by 21.
16
Let j = 38 + -34. What is the remainder when -12*(j + 52/(-6)) is divided by 12?
8
Let d = 1 - -46. Suppose 0 = -2*f + 4*h + 20, 9*h - 7*h + 18 = 2*f. Calculate the remainder when d is divided by f.
7
Suppose -3*b + 7*b - 153 = -k, 309 = 2*k + 5*b. What is the remainder when k is divided by 18?
13
Suppose -4*b = 5*f - 807 + 114, 4*b = 2*f + 714. Calculate the remainder when b is divided by 10.
7
Suppose 0 = 4*c - 3*m - 277, -6*c + 2*m = -c - 341. What is the remainder when c is divided by ((-253)/33)/(1/(-3))?
21
Let f be 2/5 + (-62)/5. Let p(s) = -s**3 - 11*s**2 + 11*s - 14. Let k be p(f). Let x = 20 + k. What is the remainder when 53 is divided by x?
17
Let p(h) = -2*h**2 + 13*h - 4. Let t be p(5). What is the remainder when 3 + t + 3/(-1) is divided by 3?
2
Suppose 0 = 48*v - 45 - 963. Calculate the remainder when 39 is divided by v.
18
Let w = 1236 - 714. Calculate the remainder when w is divided by 75.
72
Let w(l) = l**2 - 7*l - 186. Calculate the remainder when w(-13) is divided by 6.
2
Suppose v - o + 82 = -2*o, 2*v = 5*o - 143. Let l = v + 146. Calculate the remainder when l is divided by 14.
11
Suppose 0 = 2*y + 4, 4*y = -3*r - 48 + 151. Calculate the remainder when r is divided by 1/((-75)/39 + 2/1).
11
Let l = 23 - 2. Let b = 34 - l. What is the remainder when (31/(-1))/((-2)/4) is divided by b?
10
Calculate the remainder when (-4 - 38)*(-36)/63 is divided by 3.
0
Let l = -839 + 859. Calculate the remainder when 36 is divided by l.
16
Suppose 5*r + 2*y + 86 = 0, -3*r + 10 = -4*r + 2*y. Let v = -15 - r. Calculate the remainder when 35 is divided by 8/(-20)*(v - 31).
11
Suppose 0*u + 6*u = -324. Suppose c + 19 = -2*y, 3*c + 5 = -y + c. Let f = y - u. What is the remainder when f is divided by 11?
10
Let p(b) = -7*b - 3. Let r(i) = i**2 - 6*i - 18. Suppose -5*y = -10 + 40. Calculate the remainder when r(y) is divided by p(-2).
10
Suppose 2*l + 2*l = 140. Let u(v) = -47. Let n(o) = -o. Let r(s) = -6*n(s) + u(s). What is the remainder when l is divided by r(11)?
16
Suppose -228 = -4*j + y - 5*y, 5*y + 155 = 3*j. Let x = 5 + -2. Suppose -5*o = x*p + p - j, -4 = -p + 2*o. Calculate the remainder when 38 is divided by p.
8
Let i = 287 + -189. Let d(y) = 23*y - 205. Calculate the remainder when i is divided by d(10).
23
Let b(i) = i**3 - 2*i**2 - 12*i + 12. Calculate the remainder when ((-12)/(-5))/((-15)/(-650)) is divided by b(5).
23
Let b be (56/42)/(1/(-36)). Let j = -9 - b. What is the remainder when j is divided by 8?
7
Let x be (4/6)/(5/(-30)). Let p(d) = -2*d**3 - 4*d**2 - 2*d - 3. Let n(l) = 3*l + 75. What is the remainder when p(x) is divided by n(-19)?
15
Suppose 275 - 135 = 35*v. What is the remainder when -1 + 32*(-1)/(-1) is divided by v?
3
Suppose 384 = -9*f + f. Let z = 57 + f. What is the remainder when 43 is divided by z?
7
Suppose 517 = 4*s + 185. Suppose n + 5*c + s = 5*n, 4*c - 48 = -2*n. Calculate the remainder when n is divided by 6.
4
Let m be 0 + 3/(5 - 4). Calculate the remainder when 1*(-3 + (82 - m)) is divided by 40.
36
Suppose -169 = -9*i + 2. Calculate the remainder when 1461 is divided by i.
17
Suppose -279*g + 273*g + 1380 = 0. What is the remainder when g is divided by 58?
56
Suppose -618 = 54*q - 60*q. Calculate the remainder when q is divided by 13.
12
Suppose -u + 9 = -17. Calculate the remainder when 177 is divided by u.
21
Suppose -1364 = -0*k - 22*k. What is the remainder when k is divided by 14?
6
Calculate the remainder when 14 - (8 + -16 + 9) is divided by 13.
0
Let a = -44 - -42. What is the remainder when 61 is divided by 1/a + 3/((-36)/(-390))?
29
Suppose 13 = -y + 2*y. Suppose -52 = -3*d - y. Calculate the remainder when 89 is divided by d.
11
Calculate the remainder when 879 is divided by 106 - (12 + (-3 - 1)).
95
Let v = -32 - -54. Calculate the remainder when 1 + v - -3 - 1/(-1) is divided by 11.
5
Suppose 5*n - 4*f - 357 = -2*f, 4*n = 5*f + 272. Calculate the remainder when 290 is divided by n.
71
Let a be (-1 + -18)*3*(-2)/3. Suppose k = 3*k - 2*c - a, 76 = 4*k - c. What is the remainder when 73 is divided by k?
16
Let q(t) = 3*t + 5. Let u(m) = -2*m - 6. Let o(y) = 3*q(y) + 2*u(y). Let s be (-6)/9 - ((-44)/(-6))/(-2). What is the remainder when 35 is divided by o(s)?
17
Suppose -3*k - 2 = -4*q - 3, -5*q + 2*k - 3 = 0. What is the remainder when -5 + 116/(q - -3) is divided by 18?
17
Suppose -3*y + 3*r - 4 = -22, 2*y = -5*r - 2. Suppose -24 + 162 = 3*f. Suppose -4*o + y = 0, -3*o = -j + 1 + f. Calculate the remainder when j is divided by 13.
11
Let f(p) be the first derivative of 2*p**3/3 - 11*p**2/2 + 30*p + 19. Calculate the remainder when f(7) is divided by 18.
15
Suppose -11*k = -82 - 171. Suppose -u - u = -4. What is the remainder when k is divided by (-24)/14*(-5 - u)?
11
Let j(v) = -v**3 - 2*v + 3. Calculate the remainder when ((-18)/7)/((-438)/(-147) - 3) is divided by j(-3).
18
Let n(f) = -12*f - 19. Let z be n(7). Let x = z - -107. Calculate the remainder w